ors of a?
3, 19, 71
List the prime factors of (-3900)/(-48) + 3/(-12).
3
Suppose h + 72 - 502 = 0. What are the prime factors of h?
2, 5, 43
Suppose 0 = -3*k + 103 + 611. Suppose 0 = 3*v - k + 40. What are the prime factors of v?
2, 3, 11
Let z = -811 + 957. What are the prime factors of z?
2, 73
List the prime factors of (-4 + (-2262)/(-30))*(-15)/(-1).
3, 7, 17
Let s(m) = -13*m**3 + 4*m**2 + m + 8. What are the prime factors of s(-3)?
2, 7
Let q(x) = -x**2 - 7*x + 1. Let i be q(-7). Let h = i - -83. List the prime factors of h.
2, 3, 7
Let f be (3 - 2)*3 - 3. Let s(i) = -i - 6. Let z be s(f). Let q = 3 - z. List the prime factors of q.
3
Suppose 66*f = 83299 + 82295. List the prime factors of f.
13, 193
Let h = -207 + 577. What are the prime factors of h?
2, 5, 37
Let y(s) = -82*s + 4. Let v be 0/(-1) + 0 - 2. List the prime factors of y(v).
2, 3, 7
Suppose 0 = 5*l - 4 - 6, 2*l = -4*v + 3676. What are the prime factors of v?
2, 3, 17
Let w = 18 - 17. Suppose 3 = -2*o + 3*o, -w = -4*u + o. List the prime factors of (5 - u)/(-8 + 9).
2
Let f = 598 + -202. What are the prime factors of f?
2, 3, 11
Let v(z) = z**3 - 6*z**2 - 7*z + 19. What are the prime factors of v(11)?
547
Let m = 8 + -5. Suppose -m*x + 2*w + 137 = 0, -w + 92 = 2*x - 3*w. List the prime factors of x.
3, 5
Let c = 6 - 2. List the prime factors of (5 - 0)/(c + (-91)/23).
5, 23
Let w(c) = -3*c**2 - 2*c + 9. Let b be w(-5). What are the prime factors of -1 - 5/(-7) - 11440/b?
2, 3, 17
Suppose -4*p - 1052 = -4*g, 0 = 17*g - 15*g + p - 538. List the prime factors of g.
3, 89
Suppose -l - d = -22, -5*l + 110 = d - 0*d. Let r = 11 + l. List the prime factors of r.
3, 11
Suppose -21*m + 24*m = 276. Suppose a + a - m = 0. What are the prime factors of a?
2, 23
Let z = 1208 - 686. What are the prime factors of z?
2, 3, 29
Let p(y) = 39*y**3 - 2*y + 2. Let c be p(2). Suppose 0 = -3*w + 8*w - c. List the prime factors of w.
2, 31
Let n(b) = 7*b - 1. Let q be n(-3). Let a = 19 + q. What are the prime factors of a + -90*6/(-9)?
3, 19
Suppose -3387*t = -3384*t - 9849. List the prime factors of t.
7, 67
Suppose 3*i = n + 7896, -i = 41*n - 38*n - 2642. What are the prime factors of i?
2633
Suppose -p - 2*f = 87, 7*p + 174 = 5*p + 3*f. Suppose 3*m + 215 = 74. Let x = m - p. List the prime factors of x.
2, 5
Let h(x) = x**3 + 60*x**2 + 70*x + 118. List the prime factors of h(-58).
2, 7, 199
Let j be (-1328)/(-56) - (-2)/7*1. Suppose j = 6*r - 0*r. List the prime factors of r.
2
Let a = 114 - 116. List the prime factors of (-1)/2*-254*(-2)/a.
127
Let q = -21 - -23. List the prime factors of 82*2/8 + q/(-4).
2, 5
Let y = -1016 - -1262. List the prime factors of y.
2, 3, 41
Let y = 2 + 3. Suppose -2*a = -y*p - 5*a + 20, a + 4 = p. List the prime factors of p/10 - (-412)/20.
3, 7
List the prime factors of ((-411)/18*3)/((-3)/18).
3, 137
What are the prime factors of ((-714)/(-5))/(30/75)?
3, 7, 17
Let m(g) be the second derivative of -g**3/6 - 2*g. Let t be m(-7). Let w = 35 - t. What are the prime factors of w?
2, 7
Suppose 4*d = 62 + 74. What are the prime factors of d?
2, 17
Let z = 43 + -12. Let s = z - -13. List the prime factors of s.
2, 11
Suppose 279 = 3*v - 3864. List the prime factors of v.
1381
Let x = 37 + -25. Suppose -5*w = 3*m - 28, -3*w + 2*m = 5*m - x. Let g(i) = -i**3 + 8*i**2 + 2*i + 6. What are the prime factors of g(w)?
2, 11
Let y be (-8)/(3 + -1 + -1). Let o(n) be the second derivative of n**5/20 + 2*n**4/3 - 4*n**3/3 - 11*n**2/2 + n. List the prime factors of o(y).
53
Let k(s) = -5*s**2 + 46. Let x be k(-6). Let d(b) = 12*b - 5. Let m be d(-5). Let p = m - x. What are the prime factors of p?
3, 23
Suppose -g + 1 = 0, -t - t = -3*g - 3. Let l(n) = 5*n**2 - n**t - 4 + 15*n + 14*n - 27*n. What are the prime factors of l(4)?
2, 5
Let l(x) = 446*x - 76. What are the prime factors of l(5)?
2, 3, 359
What are the prime factors of 14262/4 + (-20)/8?
7, 509
Let o(l) = -3*l - 6. Let c be o(-3). Suppose 384 = c*p - 543. Suppose 4*i + 0*i = -2*q + 126, -5*q = 4*i - p. List the prime factors of q.
61
Let v(r) = 3*r + 93. List the prime factors of v(14).
3, 5
Let v(h) = -h**3 - 11*h**2 + 9*h - 4. Let l be v(-10). Suppose -2*c - 4*x = -20, -2*c + 3 = -x - 7. What are the prime factors of (-4)/(-6) - l/c?
3, 11
Suppose -5*r - 5 = 0, -2*u + 2*r + 0*r = -18. Let x(b) = -b**2 + 8*b + 2. Let o be x(u). List the prime factors of 74/4 - (-1)/o.
19
What are the prime factors of 623 - 5/((-10)/(-18))?
2, 307
Let u = 1542 - 971. What are the prime factors of u?
571
Suppose 12*v - 13*v = -145. Let i = v - 70. What are the prime factors of i?
3, 5
Let x(k) = -k**2 - k - 1. Let g be x(2). Let u(z) = -13*z - 6. Let v(q) = -29*q - 11. Let f(l) = 7*u(l) - 3*v(l). What are the prime factors of f(g)?
19
Let d(t) = -t**2 + t + 3. Let r(c) = -1. Let n(i) = -d(i) - 4*r(i). Let s(q) = 2*q**3 + q**2 - q. Let b be s(1). What are the prime factors of n(b)?
3
What are the prime factors of 1075 - 5/(10/(-2))?
2, 269
Let h be (-1 + 1)*3/(-6). Let j(r) be the first derivative of -r**4/4 + r**3/3 - r**2/2 + 22*r - 4. List the prime factors of j(h).
2, 11
Suppose -4*a + b - 9 - 8 = 0, a - 3*b = -18. Suppose -13*u = -8*u + 55. Let f = a - u. List the prime factors of f.
2
List the prime factors of (1861/1 - 1)*13/26.
2, 3, 5, 31
Let m(l) = -l**2 - 14*l + 16. Let q = -2 + -11. List the prime factors of m(q).
29
Suppose -5*a + 4*m = 2*m + 214, 0 = 4*m + 12. List the prime factors of 66/a + (-353)/(-2).
5, 7
Let j = 94 - 92. Suppose 5*c - c + i = 78, -3*c + 56 = j*i. What are the prime factors of c?
2, 5
List the prime factors of (2184/36 + -5)*(2 - -1).
167
Let t(z) = 2*z**2 - 9*z**2 + 7*z**2 + z**2 + 1 - 4*z. What are the prime factors of t(10)?
61
Suppose -4*f + 20 = 0, -2*b + f + 21 = 4*f. Suppose -b = 2*j + 5. List the prime factors of j/14 - (-936)/91.
2, 5
Suppose 4*k + o - 23 = -k, 2*k - o - 5 = 0. Suppose -k*h + 296 = 4*v, -v + 148 = v - 5*h. List the prime factors of v.
2, 37
Let a be (-5)/15 + (-68)/(-6). Suppose -96 = -13*u + a*u. Suppose -u = -0*t - 3*t. What are the prime factors of t?
2
Suppose 0 = 5*j - 2*j - 1710. What are the prime factors of j?
2, 3, 5, 19
Suppose b + 17 = -18. Let l(x) = x**3 - 6*x**2 + x + 2. Let q be l(2). Let v = q - b. List the prime factors of v.
23
Let i(s) = -25*s + 269. What are the prime factors of i(-18)?
719
Let p be -4 + 2 + (-2)/(0 - 2). What are the prime factors of 25 + 6 + (2 - -1)*p?
2, 7
Let d = -21 - -21. Suppose -2*f - 2*t + 86 = -0*f, d = -5*f - 2*t + 215. List the prime factors of f.
43
Let v = 32 - -16. Suppose 2*i = v + 38. List the prime factors of i.
43
Let o be -6*((-20)/8)/5. Suppose -o*b = -5*b + 8. Let g(q) = -q**3 + 3*q**2 + 4*q + 3. List the prime factors of g(b).
3
Suppose 0 = -3*d - 15, -q + 0*q = -5*d - 104. What are the prime factors of q?
79
Let y(l) = -l**3 + 29*l**2 - 34*l + 24. What are the prime factors of y(27)?
2, 3, 47
Suppose 4*j + 4*r - r = 583, 4*r = j - 160. Let p = -86 + j. What are the prime factors of p?
2, 31
Let h(a) = 32*a - 7. Let l = -40 + 43. What are the prime factors of h(l)?
89
Let s = 4 + 0. What are the prime factors of (s/10)/(4/320)?
2
Let r be (4/8 + -1)*-2. Suppose -x + 0*x + r = 0. Suppose x = -2*v + 41. What are the prime factors of v?
2, 5
Let j(l) = l - 16. Let f be j(16). Suppose f = -v + 422 - 74. What are the prime factors of v?
2, 3, 29
Let m be 125/(-1)*16/(-10). Suppose -50 = 6*y - m. List the prime factors of y.
5
Let t(k) be the second derivative of k**4/12 + 5*k**3/2 + 15*k**2/2 - 4*k. Let h be t(-15). Let n = h + -9. What are the prime factors of n?
2, 3
Suppose 5*l + 5*p - 246 = 1114, 3*p = 3. Let g = l - 155. What are the prime factors of g?
2, 29
Let k(i) = i**3 + 1. Let l be k(1). Suppose 8 = -g + 5*g. Suppose -l*p - 2*v + 7 = -1, g*p + 3*v = 10. What are the prime factors of p?
2
Let z = 3 - -1. Let q be (z/(-3))/((-8)/(-12)). List the prime factors of ((-28)/5)/(q/10).
2, 7
Suppose -890*a + 897*a = 32991. List the prime factors of a.
3, 1571
Let k(s) be the first derivative of -s**6/360 - s**5/12 - s**4/4 - s**3 - 5. Let r(p) be the third derivative of k(p). List the prime factors of r(-9).
3
Suppose 0 = -5*t - 9*t - 1008. Let g = t - -83. What are the prime factors of g?
11
Let q(j) = 5 + 8*j**2 + 7